{"id":1952,"date":"2025-08-26T13:09:30","date_gmt":"2025-08-26T11:09:30","guid":{"rendered":"https:\/\/przestrzenodnowa.pl\/sklep\/katalog\/bez-kategorii\/zestaw-mop-wielofunkcyjny\/"},"modified":"2025-12-01T17:23:27","modified_gmt":"2025-12-01T16:23:27","slug":"zestaw-mop-wielofunkcyjny","status":"publish","type":"product","link":"https:\/\/przestrzenodnowa.pl\/sklep\/katalog\/do-podlog\/zestaw-mop-wielofunkcyjny\/","title":{"rendered":"Zestaw mop wielofunkcyjny"},"content":{"rendered":"","protected":false},"excerpt":{"rendered":"<p>Zestaw MOP to idealne rozwi\u0105zanie dla wszystkich, kt\u00f3rzy chc\u0105 szybko i skutecznie umy\u0107 swoje pod\u0142ogi.<\/p>\n","protected":false},"featured_media":1953,"comment_status":"closed","ping_status":"closed","template":"","meta":{"_acf_changed":false},"etheme_brands":[],"product_brand":[55],"product_cat":[61,39],"product_tag":[],"class_list":{"0":"post-1952","1":"product","2":"type-product","3":"status-publish","4":"has-post-thumbnail","6":"product_brand-raypath","7":"product_cat-do-podlog","8":"product_cat-zestawy","10":"first","11":"onbackorder","12":"purchasable","13":"product-type-simple"},"yoast_head":"<title>Zestaw mop wielofunkcyjny | Przestrze\u0144 Od Nowa Sklep<\/title>\n<meta name=\"robots\" content=\"index, follow, max-snippet:-1, max-image-preview:large, max-video-preview:-1\" \/>\n<link rel=\"canonical\" href=\"https:\/\/przestrzenodnowa.pl\/sklep\/katalog\/zestawy\/zestaw-mop-wielofunkcyjny\/\" \/>\n<meta property=\"og:locale\" content=\"pl_PL\" \/>\n<meta property=\"og:type\" content=\"article\" \/>\n<meta property=\"og:title\" content=\"Zestaw mop wielofunkcyjny | Przestrze\u0144 Od Nowa Sklep\" \/>\n<meta property=\"og:description\" content=\"Zestaw MOP to idealne rozwi\u0105zanie dla wszystkich, kt\u00f3rzy chc\u0105 szybko i skutecznie umy\u0107 swoje pod\u0142ogi.\" \/>\n<meta property=\"og:url\" content=\"https:\/\/przestrzenodnowa.pl\/sklep\/katalog\/zestawy\/zestaw-mop-wielofunkcyjny\/\" \/>\n<meta property=\"og:site_name\" content=\"Przestrze\u0144 Od Nowa Sklep\" \/>\n<meta property=\"article:modified_time\" content=\"2025-12-01T16:23:27+00:00\" \/>\n<meta property=\"og:image\" content=\"https:\/\/przestrzenodnowa.pl\/sklep\/wp-content\/uploads\/sites\/2\/2025\/08\/174238656767dab587c4934.png\" \/>\n\t<meta property=\"og:image:width\" content=\"1000\" \/>\n\t<meta property=\"og:image:height\" content=\"1000\" \/>\n\t<meta property=\"og:image:type\" content=\"image\/png\" \/>\n<script type=\"application\/ld+json\" class=\"yoast-schema-graph\">{\"@context\":\"https:\\\/\\\/schema.org\",\"@graph\":[{\"@type\":\"WebPage\",\"@id\":\"https:\\\/\\\/przestrzenodnowa.pl\\\/sklep\\\/katalog\\\/zestawy\\\/zestaw-mop-wielofunkcyjny\\\/\",\"url\":\"https:\\\/\\\/przestrzenodnowa.pl\\\/sklep\\\/katalog\\\/zestawy\\\/zestaw-mop-wielofunkcyjny\\\/\",\"name\":\"Zestaw mop wielofunkcyjny | Przestrze\u0144 Od Nowa Sklep\",\"isPartOf\":{\"@id\":\"https:\\\/\\\/przestrzenodnowa.pl\\\/sklep\\\/#website\"},\"primaryImageOfPage\":{\"@id\":\"https:\\\/\\\/przestrzenodnowa.pl\\\/sklep\\\/katalog\\\/zestawy\\\/zestaw-mop-wielofunkcyjny\\\/#primaryimage\"},\"image\":{\"@id\":\"https:\\\/\\\/przestrzenodnowa.pl\\\/sklep\\\/katalog\\\/zestawy\\\/zestaw-mop-wielofunkcyjny\\\/#primaryimage\"},\"thumbnailUrl\":\"https:\\\/\\\/przestrzenodnowa.pl\\\/sklep\\\/wp-content\\\/uploads\\\/sites\\\/2\\\/2025\\\/08\\\/174238656767dab587c4934.png\",\"datePublished\":\"2025-08-26T11:09:30+00:00\",\"dateModified\":\"2025-12-01T16:23:27+00:00\",\"breadcrumb\":{\"@id\":\"https:\\\/\\\/przestrzenodnowa.pl\\\/sklep\\\/katalog\\\/zestawy\\\/zestaw-mop-wielofunkcyjny\\\/#breadcrumb\"},\"inLanguage\":\"pl-PL\",\"potentialAction\":[{\"@type\":\"ReadAction\",\"target\":[\"https:\\\/\\\/przestrzenodnowa.pl\\\/sklep\\\/katalog\\\/zestawy\\\/zestaw-mop-wielofunkcyjny\\\/\"]}]},{\"@type\":\"ImageObject\",\"inLanguage\":\"pl-PL\",\"@id\":\"https:\\\/\\\/przestrzenodnowa.pl\\\/sklep\\\/katalog\\\/zestawy\\\/zestaw-mop-wielofunkcyjny\\\/#primaryimage\",\"url\":\"https:\\\/\\\/przestrzenodnowa.pl\\\/sklep\\\/wp-content\\\/uploads\\\/sites\\\/2\\\/2025\\\/08\\\/174238656767dab587c4934.png\",\"contentUrl\":\"https:\\\/\\\/przestrzenodnowa.pl\\\/sklep\\\/wp-content\\\/uploads\\\/sites\\\/2\\\/2025\\\/08\\\/174238656767dab587c4934.png\",\"width\":1000,\"height\":1000,\"caption\":\"The Zestaw mop wielofunkcyjny is displayed with a blue handle and base, plus four rectangular microfiber pads in white, pink, and off-white on a white background.\"},{\"@type\":\"BreadcrumbList\",\"@id\":\"https:\\\/\\\/przestrzenodnowa.pl\\\/sklep\\\/katalog\\\/zestawy\\\/zestaw-mop-wielofunkcyjny\\\/#breadcrumb\",\"itemListElement\":[{\"@type\":\"ListItem\",\"position\":1,\"name\":\"Strona g\u0142\u00f3wna\",\"item\":\"https:\\\/\\\/przestrzenodnowa.pl\\\/sklep\\\/\"},{\"@type\":\"ListItem\",\"position\":2,\"name\":\"Sklep\",\"item\":\"https:\\\/\\\/przestrzenodnowa.pl\\\/sklep\\\/katalog\\\/\"},{\"@type\":\"ListItem\",\"position\":3,\"name\":\"Zestaw mop wielofunkcyjny\"}]},{\"@type\":\"WebSite\",\"@id\":\"https:\\\/\\\/przestrzenodnowa.pl\\\/sklep\\\/#website\",\"url\":\"https:\\\/\\\/przestrzenodnowa.pl\\\/sklep\\\/\",\"name\":\"Przestrze\u0144 Od Nowa Sklep\",\"description\":\"\",\"publisher\":{\"@id\":\"https:\\\/\\\/przestrzenodnowa.pl\\\/sklep\\\/#organization\"},\"potentialAction\":[{\"@type\":\"SearchAction\",\"target\":{\"@type\":\"EntryPoint\",\"urlTemplate\":\"https:\\\/\\\/przestrzenodnowa.pl\\\/sklep\\\/?s={search_term_string}\"},\"query-input\":{\"@type\":\"PropertyValueSpecification\",\"valueRequired\":true,\"valueName\":\"search_term_string\"}}],\"inLanguage\":\"pl-PL\"},{\"@type\":\"Organization\",\"@id\":\"https:\\\/\\\/przestrzenodnowa.pl\\\/sklep\\\/#organization\",\"name\":\"Przestrze\u0144 Od Nowa Sklep\",\"url\":\"https:\\\/\\\/przestrzenodnowa.pl\\\/sklep\\\/\",\"logo\":{\"@type\":\"ImageObject\",\"inLanguage\":\"pl-PL\",\"@id\":\"https:\\\/\\\/przestrzenodnowa.pl\\\/sklep\\\/#\\\/schema\\\/logo\\\/image\\\/\",\"url\":\"https:\\\/\\\/przestrzenodnowa.pl\\\/sklep\\\/wp-content\\\/uploads\\\/sites\\\/2\\\/2025\\\/08\\\/logo-przestrzenodnowa-sklep.png\",\"contentUrl\":\"https:\\\/\\\/przestrzenodnowa.pl\\\/sklep\\\/wp-content\\\/uploads\\\/sites\\\/2\\\/2025\\\/08\\\/logo-przestrzenodnowa-sklep.png\",\"width\":703,\"height\":235,\"caption\":\"Przestrze\u0144 Od Nowa Sklep\"},\"image\":{\"@id\":\"https:\\\/\\\/przestrzenodnowa.pl\\\/sklep\\\/#\\\/schema\\\/logo\\\/image\\\/\"}}]}<\/script>","yoast_head_json":{"title":"Zestaw mop wielofunkcyjny | Przestrze\u0144 Od Nowa Sklep","robots":{"index":"index","follow":"follow","max-snippet":"max-snippet:-1","max-image-preview":"max-image-preview:large","max-video-preview":"max-video-preview:-1"},"canonical":"https:\/\/przestrzenodnowa.pl\/sklep\/katalog\/zestawy\/zestaw-mop-wielofunkcyjny\/","og_locale":"pl_PL","og_type":"article","og_title":"Zestaw mop wielofunkcyjny | Przestrze\u0144 Od Nowa Sklep","og_description":"Zestaw MOP to idealne rozwi\u0105zanie dla wszystkich, kt\u00f3rzy chc\u0105 szybko i skutecznie umy\u0107 swoje pod\u0142ogi.","og_url":"https:\/\/przestrzenodnowa.pl\/sklep\/katalog\/zestawy\/zestaw-mop-wielofunkcyjny\/","og_site_name":"Przestrze\u0144 Od Nowa Sklep","article_modified_time":"2025-12-01T16:23:27+00:00","og_image":[{"width":1000,"height":1000,"url":"https:\/\/przestrzenodnowa.pl\/sklep\/wp-content\/uploads\/sites\/2\/2025\/08\/174238656767dab587c4934.png","type":"image\/png"}],"schema":{"@context":"https:\/\/schema.org","@graph":[{"@type":"WebPage","@id":"https:\/\/przestrzenodnowa.pl\/sklep\/katalog\/zestawy\/zestaw-mop-wielofunkcyjny\/","url":"https:\/\/przestrzenodnowa.pl\/sklep\/katalog\/zestawy\/zestaw-mop-wielofunkcyjny\/","name":"Zestaw mop wielofunkcyjny | Przestrze\u0144 Od Nowa Sklep","isPartOf":{"@id":"https:\/\/przestrzenodnowa.pl\/sklep\/#website"},"primaryImageOfPage":{"@id":"https:\/\/przestrzenodnowa.pl\/sklep\/katalog\/zestawy\/zestaw-mop-wielofunkcyjny\/#primaryimage"},"image":{"@id":"https:\/\/przestrzenodnowa.pl\/sklep\/katalog\/zestawy\/zestaw-mop-wielofunkcyjny\/#primaryimage"},"thumbnailUrl":"https:\/\/przestrzenodnowa.pl\/sklep\/wp-content\/uploads\/sites\/2\/2025\/08\/174238656767dab587c4934.png","datePublished":"2025-08-26T11:09:30+00:00","dateModified":"2025-12-01T16:23:27+00:00","breadcrumb":{"@id":"https:\/\/przestrzenodnowa.pl\/sklep\/katalog\/zestawy\/zestaw-mop-wielofunkcyjny\/#breadcrumb"},"inLanguage":"pl-PL","potentialAction":[{"@type":"ReadAction","target":["https:\/\/przestrzenodnowa.pl\/sklep\/katalog\/zestawy\/zestaw-mop-wielofunkcyjny\/"]}]},{"@type":"ImageObject","inLanguage":"pl-PL","@id":"https:\/\/przestrzenodnowa.pl\/sklep\/katalog\/zestawy\/zestaw-mop-wielofunkcyjny\/#primaryimage","url":"https:\/\/przestrzenodnowa.pl\/sklep\/wp-content\/uploads\/sites\/2\/2025\/08\/174238656767dab587c4934.png","contentUrl":"https:\/\/przestrzenodnowa.pl\/sklep\/wp-content\/uploads\/sites\/2\/2025\/08\/174238656767dab587c4934.png","width":1000,"height":1000,"caption":"The Zestaw mop wielofunkcyjny is displayed with a blue handle and base, plus four rectangular microfiber pads in white, pink, and off-white on a white background."},{"@type":"BreadcrumbList","@id":"https:\/\/przestrzenodnowa.pl\/sklep\/katalog\/zestawy\/zestaw-mop-wielofunkcyjny\/#breadcrumb","itemListElement":[{"@type":"ListItem","position":1,"name":"Strona g\u0142\u00f3wna","item":"https:\/\/przestrzenodnowa.pl\/sklep\/"},{"@type":"ListItem","position":2,"name":"Sklep","item":"https:\/\/przestrzenodnowa.pl\/sklep\/katalog\/"},{"@type":"ListItem","position":3,"name":"Zestaw mop wielofunkcyjny"}]},{"@type":"WebSite","@id":"https:\/\/przestrzenodnowa.pl\/sklep\/#website","url":"https:\/\/przestrzenodnowa.pl\/sklep\/","name":"Przestrze\u0144 Od Nowa Sklep","description":"","publisher":{"@id":"https:\/\/przestrzenodnowa.pl\/sklep\/#organization"},"potentialAction":[{"@type":"SearchAction","target":{"@type":"EntryPoint","urlTemplate":"https:\/\/przestrzenodnowa.pl\/sklep\/?s={search_term_string}"},"query-input":{"@type":"PropertyValueSpecification","valueRequired":true,"valueName":"search_term_string"}}],"inLanguage":"pl-PL"},{"@type":"Organization","@id":"https:\/\/przestrzenodnowa.pl\/sklep\/#organization","name":"Przestrze\u0144 Od Nowa Sklep","url":"https:\/\/przestrzenodnowa.pl\/sklep\/","logo":{"@type":"ImageObject","inLanguage":"pl-PL","@id":"https:\/\/przestrzenodnowa.pl\/sklep\/#\/schema\/logo\/image\/","url":"https:\/\/przestrzenodnowa.pl\/sklep\/wp-content\/uploads\/sites\/2\/2025\/08\/logo-przestrzenodnowa-sklep.png","contentUrl":"https:\/\/przestrzenodnowa.pl\/sklep\/wp-content\/uploads\/sites\/2\/2025\/08\/logo-przestrzenodnowa-sklep.png","width":703,"height":235,"caption":"Przestrze\u0144 Od Nowa Sklep"},"image":{"@id":"https:\/\/przestrzenodnowa.pl\/sklep\/#\/schema\/logo\/image\/"}}]}},"acf":[],"_links":{"self":[{"href":"https:\/\/przestrzenodnowa.pl\/sklep\/wp-json\/wp\/v2\/product\/1952","targetHints":{"allow":["GET"]}}],"collection":[{"href":"https:\/\/przestrzenodnowa.pl\/sklep\/wp-json\/wp\/v2\/product"}],"about":[{"href":"https:\/\/przestrzenodnowa.pl\/sklep\/wp-json\/wp\/v2\/types\/product"}],"replies":[{"embeddable":true,"href":"https:\/\/przestrzenodnowa.pl\/sklep\/wp-json\/wp\/v2\/comments?post=1952"}],"version-history":[{"count":3,"href":"https:\/\/przestrzenodnowa.pl\/sklep\/wp-json\/wp\/v2\/product\/1952\/revisions"}],"predecessor-version":[{"id":2332,"href":"https:\/\/przestrzenodnowa.pl\/sklep\/wp-json\/wp\/v2\/product\/1952\/revisions\/2332"}],"wp:featuredmedia":[{"embeddable":true,"href":"https:\/\/przestrzenodnowa.pl\/sklep\/wp-json\/wp\/v2\/media\/1953"}],"wp:attachment":[{"href":"https:\/\/przestrzenodnowa.pl\/sklep\/wp-json\/wp\/v2\/media?parent=1952"}],"wp:term":[{"taxonomy":"brand","embeddable":true,"href":"https:\/\/przestrzenodnowa.pl\/sklep\/wp-json\/wp\/v2\/etheme_brands?post=1952"},{"taxonomy":"product_brand","embeddable":true,"href":"https:\/\/przestrzenodnowa.pl\/sklep\/wp-json\/wp\/v2\/product_brand?post=1952"},{"taxonomy":"product_cat","embeddable":true,"href":"https:\/\/przestrzenodnowa.pl\/sklep\/wp-json\/wp\/v2\/product_cat?post=1952"},{"taxonomy":"product_tag","embeddable":true,"href":"https:\/\/przestrzenodnowa.pl\/sklep\/wp-json\/wp\/v2\/product_tag?post=1952"}],"curies":[{"name":"wp","href":"https:\/\/api.w.org\/{rel}","templated":true}]}}