{"id":169,"date":"2021-05-30T14:04:38","date_gmt":"2021-05-30T14:04:38","guid":{"rendered":"https:\/\/xstore.8theme.com\/elementor\/demos\/real-estate\/?page_id=169"},"modified":"2025-09-18T11:05:46","modified_gmt":"2025-09-18T09:05:46","slug":"kontakt","status":"publish","type":"page","link":"https:\/\/przestrzenodnowa.pl\/sklep\/kontakt\/","title":{"rendered":"Kontakt"},"content":{"rendered":"\t\t<div data-elementor-type=\"wp-page\" data-elementor-id=\"169\" class=\"elementor elementor-169\" data-elementor-post-type=\"page\">\n\t\t\t\t\t\t<section class=\"elementor-section elementor-top-section elementor-element elementor-element-2abe032 elementor-section-content-top elementor-section-boxed elementor-section-height-default elementor-section-height-default\" data-id=\"2abe032\" data-element_type=\"section\" data-e-type=\"section\">\n\t\t\t\t\t\t<div class=\"elementor-container elementor-column-gap-no\">\n\t\t\t\t\t<div class=\"elementor-column elementor-col-50 elementor-top-column elementor-element elementor-element-a5f6d69\" data-id=\"a5f6d69\" data-element_type=\"column\" data-e-type=\"column\">\n\t\t\t<div class=\"elementor-widget-wrap elementor-element-populated\">\n\t\t\t\t\t\t<div class=\"elementor-element elementor-element-2deb97c elementor-widget elementor-widget-heading\" data-id=\"2deb97c\" data-element_type=\"widget\" data-e-type=\"widget\" data-widget_type=\"heading.default\">\n\t\t\t\t\t<h2 class=\"elementor-heading-title elementor-size-default\">Przestrze\u0144 od Nowa<\/h2>\t\t\t\t<\/div>\n\t\t\t\t<div class=\"elementor-element elementor-element-b63ba86 elementor-widget elementor-widget-text-editor\" data-id=\"b63ba86\" data-element_type=\"widget\" data-e-type=\"widget\" data-widget_type=\"text-editor.default\">\n\t\t\t\t\t\t\t\t\t<p>E-mail: sklep@przestrzenodnowa.pl<br \/>Telefon: +48 531 516 467<\/p>\t\t\t\t\t\t\t\t<\/div>\n\t\t\t\t<div class=\"elementor-element elementor-element-5d6e0f6 elementor-widget elementor-widget-text-editor\" data-id=\"5d6e0f6\" data-element_type=\"widget\" data-e-type=\"widget\" data-widget_type=\"text-editor.default\">\n\t\t\t\t\t\t\t\t\t<p>ul. Strzelc\u00f3w Bytomskich 87b<br \/>41-914 Bytom<br \/>NIP: 5741982105<br \/>REGON: 542207862<\/p>\t\t\t\t\t\t\t\t<\/div>\n\t\t\t\t\t<\/div>\n\t\t<\/div>\n\t\t\t\t<div class=\"elementor-column elementor-col-50 elementor-top-column elementor-element elementor-element-53144ed\" data-id=\"53144ed\" data-element_type=\"column\" data-e-type=\"column\">\n\t\t\t<div class=\"elementor-widget-wrap elementor-element-populated\">\n\t\t\t\t\t\t<div class=\"elementor-element elementor-element-edd9e3c elementor-widget elementor-widget-heading\" data-id=\"edd9e3c\" data-element_type=\"widget\" data-e-type=\"widget\" data-widget_type=\"heading.default\">\n\t\t\t\t\t<h2 class=\"elementor-heading-title elementor-size-default\">Masz pytanie? Napisz!<\/h2>\t\t\t\t<\/div>\n\t\t\t\t<div class=\"elementor-element elementor-element-270eb5f etheme-contact-form-7-button-full-width elementor-widget elementor-widget-et-contact-form-7\" data-id=\"270eb5f\" data-element_type=\"widget\" data-e-type=\"widget\" data-widget_type=\"et-contact-form-7.default\">\n\t\t\t\t<div class=\"elementor-widget-container\">\n\t\t\t\t\t                <div class=\"pp-contact-form etheme-contact-form-7 placeholder-show\">\n                                        \n<div class=\"wpcf7 no-js\" id=\"wpcf7-f188-o1\" lang=\"en-US\" dir=\"ltr\" data-wpcf7-id=\"188\">\n<div class=\"screen-reader-response\"><p role=\"status\" aria-live=\"polite\" aria-atomic=\"true\"><\/p> <ul><\/ul><\/div>\n<form action=\"\/sklep\/wp-json\/wp\/v2\/pages\/169#wpcf7-f188-o1\" method=\"post\" class=\"wpcf7-form init wpcf7-acceptance-as-validation\" aria-label=\"Contact form\" novalidate=\"novalidate\" data-status=\"init\">\n<fieldset class=\"hidden-fields-container\"><input type=\"hidden\" name=\"_wpcf7\" value=\"188\" \/><input type=\"hidden\" name=\"_wpcf7_version\" value=\"6.1.5\" \/><input type=\"hidden\" name=\"_wpcf7_locale\" value=\"en_US\" \/><input type=\"hidden\" name=\"_wpcf7_unit_tag\" value=\"wpcf7-f188-o1\" \/><input type=\"hidden\" name=\"_wpcf7_container_post\" value=\"0\" \/><input type=\"hidden\" name=\"_wpcf7_posted_data_hash\" value=\"\" \/>\n<\/fieldset>\n<div class=\"wpcf7-turnstile cf-turnstile\" data-sitekey=\"0x4AAAAAABuJhDOLr4m1IyX9\" data-response-field-name=\"_wpcf7_turnstile_response\"><\/div>\n\n<p><span class=\"wpcf7-form-control-wrap\" data-name=\"your-email\"><input size=\"40\" maxlength=\"400\" class=\"wpcf7-form-control wpcf7-email wpcf7-validates-as-required wpcf7-text wpcf7-validates-as-email\" aria-required=\"true\" aria-invalid=\"false\" placeholder=\"Tw\u00f3j adres email *\" value=\"\" type=\"email\" name=\"your-email\" \/><\/span>\n<\/p>\n<p><span class=\"wpcf7-form-control-wrap\" data-name=\"text-name\"><input size=\"40\" maxlength=\"400\" class=\"wpcf7-form-control wpcf7-text\" aria-invalid=\"false\" placeholder=\"Imi\u0119 i nazwisko\" value=\"\" type=\"text\" name=\"text-name\" \/><\/span>\n<\/p>\n<p><span class=\"wpcf7-form-control-wrap\" data-name=\"tel-165\"><input size=\"40\" maxlength=\"400\" class=\"wpcf7-form-control wpcf7-tel wpcf7-text wpcf7-validates-as-tel\" aria-invalid=\"false\" placeholder=\"Numer telefonu\" value=\"\" type=\"tel\" name=\"tel-165\" \/><\/span>\n<\/p>\n<p><span class=\"wpcf7-form-control-wrap\" data-name=\"textarea-354\"><textarea cols=\"40\" rows=\"10\" maxlength=\"2000\" class=\"wpcf7-form-control wpcf7-textarea\" aria-invalid=\"false\" placeholder=\"Wpisz wiadomo\u015b\u0107\" name=\"textarea-354\"><\/textarea><\/span>\n<\/p>\n<p><span class=\"wpcf7-form-control-wrap\" data-name=\"acceptance-17\"><span class=\"wpcf7-form-control wpcf7-acceptance\"><span class=\"wpcf7-list-item\"><label><input type=\"checkbox\" name=\"acceptance-17\" value=\"1\" aria-invalid=\"false\" \/><span class=\"wpcf7-list-item-label\">Zapozna\u0142em si\u0119 z <a href=\"https:\/\/przestrzenodnowa.pl\/sklep\/polityka-prywatnosci\" target=\"_blank\">polityk\u0105 prywatno\u015bci<\/a><\/span><\/label><\/span><\/span><\/span>\n<\/p>\n<p><input class=\"wpcf7-form-control wpcf7-submit has-spinner\" type=\"submit\" value=\"Wy\u015blij\" \/>\n<\/p>\n<p style=\"margin-top:10px;\">* - pola wymagane\n<\/p>\n<p style=\"margin-top:10px;\"><small>Administratorem danych osobowych zbieranych za po\u015brednictwem sklepu internetowego jest Sprzedawca (Przestrze\u0144 Od Nowa Ewelina Miko\u0142aszek). Dane s\u0105 lub mog\u0105 by\u0107 przetwarzane w celach oraz na podstawach wskazanych szczeg\u00f3\u0142owo w polityce prywatno\u015bci (np. realizacja umowy, marketing bezpo\u015bredni). Polityka prywatno\u015bci zawiera pe\u0142n\u0105 informacj\u0119 na temat przetwarzania danych przez administratora wraz z prawami przys\u0142uguj\u0105cymi osobie, kt\u00f3rej dane dotycz\u0105. Szybki kontakt z administratorem: sklep@przestrzenodnowa.pl.<\/small>\n<\/p><div class=\"wpcf7-response-output\" aria-hidden=\"true\"><\/div>\n<\/form>\n<\/div>\n                <\/div>\n                \t\t\t\t<\/div>\n\t\t\t\t<\/div>\n\t\t\t\t\t<\/div>\n\t\t<\/div>\n\t\t\t\t\t<\/div>\n\t\t<\/section>\n\t\t<div class=\"elementor-element elementor-element-c4f1b17 e-flex e-con-boxed e-con e-parent\" data-id=\"c4f1b17\" data-element_type=\"container\" data-e-type=\"container\">\n\t\t\t\t\t<div class=\"e-con-inner\">\n\t\t\t\t<div class=\"elementor-element elementor-element-fdcff5f elementor-widget elementor-widget-text-editor\" data-id=\"fdcff5f\" data-element_type=\"widget\" data-e-type=\"widget\" data-widget_type=\"text-editor.default\">\n\t\t\t\t\t\t\t\t\t<p><strong>PUNKT KONTAKTOWY<\/strong> &#8211; Us\u0142ugodawca wyznacza adres poczty elektronicznej sklep@przestrzenodnowa.pl jako pojedynczy punkt kontaktowy. Punkt kontaktowy umo\u017cliwia bezpo\u015bredni\u0105 komunikacj\u0119 Us\u0142ugodawcy z organami pa\u0144stw cz\u0142onkowskich, Komisj\u0105 Europejsk\u0105 i Rad\u0105 Us\u0142ug Cyfrowych oraz jednocze\u015bnie umo\u017cliwia odbiorcom us\u0142ugi (w tym Us\u0142ugobiorcom) bezpo\u015bredni\u0105, szybk\u0105 i przyjazn\u0105 komunikacj\u0119 z Us\u0142ugodawc\u0105 drog\u0105 elektroniczn\u0105, na potrzeby stosowania Aktu o Us\u0142ugach Cyfrowych. Us\u0142ugodawca wskazuje j\u0119zyk polski oraz j\u0119zyk angielski do cel\u00f3w komunikacji z jego punktem kontaktowym.<\/p><p>\u00a0<\/p>\t\t\t\t\t\t\t\t<\/div>\n\t\t\t\t\t<\/div>\n\t\t\t\t<\/div>\n\t\t\t\t<\/div>\n\t\t","protected":false},"excerpt":{"rendered":"<p>Przestrze\u0144 od Nowa E-mail: sklep@przestrzenodnowa.plTelefon: +48 531 516 467 ul. Strzelc\u00f3w Bytomskich 87b41-914&#8230;<\/p>\n","protected":false},"author":1,"featured_media":0,"parent":0,"menu_order":0,"comment_status":"closed","ping_status":"closed","template":"","meta":{"_acf_changed":false,"footnotes":""},"class_list":["post-169","page","type-page","status-publish","hentry"],"yoast_head":"<title>Kontakt | Przestrze\u0144 Od Nowa Sklep<\/title>\n<meta name=\"robots\" content=\"index, follow, max-snippet:-1, max-image-preview:large, max-video-preview:-1\" \/>\n<link rel=\"canonical\" href=\"https:\/\/przestrzenodnowa.pl\/sklep\/kontakt\/\" \/>\n<meta property=\"og:locale\" content=\"pl_PL\" \/>\n<meta property=\"og:type\" content=\"article\" \/>\n<meta property=\"og:title\" content=\"Kontakt | Przestrze\u0144 Od Nowa Sklep\" \/>\n<meta property=\"og:description\" content=\"Przestrze\u0144 od Nowa E-mail: sklep@przestrzenodnowa.plTelefon: +48 531 516 467 ul. Strzelc\u00f3w Bytomskich 87b41-914...\" \/>\n<meta property=\"og:url\" content=\"https:\/\/przestrzenodnowa.pl\/sklep\/kontakt\/\" \/>\n<meta property=\"og:site_name\" content=\"Przestrze\u0144 Od Nowa Sklep\" \/>\n<meta property=\"article:modified_time\" content=\"2025-09-18T09:05:46+00:00\" \/>\n<script type=\"application\/ld+json\" class=\"yoast-schema-graph\">{\"@context\":\"https:\\\/\\\/schema.org\",\"@graph\":[{\"@type\":\"WebPage\",\"@id\":\"https:\\\/\\\/przestrzenodnowa.pl\\\/sklep\\\/kontakt\\\/\",\"url\":\"https:\\\/\\\/przestrzenodnowa.pl\\\/sklep\\\/kontakt\\\/\",\"name\":\"Kontakt | Przestrze\u0144 Od Nowa Sklep\",\"isPartOf\":{\"@id\":\"https:\\\/\\\/przestrzenodnowa.pl\\\/sklep\\\/#website\"},\"datePublished\":\"2021-05-30T14:04:38+00:00\",\"dateModified\":\"2025-09-18T09:05:46+00:00\",\"breadcrumb\":{\"@id\":\"https:\\\/\\\/przestrzenodnowa.pl\\\/sklep\\\/kontakt\\\/#breadcrumb\"},\"inLanguage\":\"pl-PL\",\"potentialAction\":[{\"@type\":\"ReadAction\",\"target\":[\"https:\\\/\\\/przestrzenodnowa.pl\\\/sklep\\\/kontakt\\\/\"]}]},{\"@type\":\"BreadcrumbList\",\"@id\":\"https:\\\/\\\/przestrzenodnowa.pl\\\/sklep\\\/kontakt\\\/#breadcrumb\",\"itemListElement\":[{\"@type\":\"ListItem\",\"position\":1,\"name\":\"Strona g\u0142\u00f3wna\",\"item\":\"https:\\\/\\\/przestrzenodnowa.pl\\\/sklep\\\/\"},{\"@type\":\"ListItem\",\"position\":2,\"name\":\"Kontakt\"}]},{\"@type\":\"WebSite\",\"@id\":\"https:\\\/\\\/przestrzenodnowa.pl\\\/sklep\\\/#website\",\"url\":\"https:\\\/\\\/przestrzenodnowa.pl\\\/sklep\\\/\",\"name\":\"Przestrze\u0144 Od Nowa Sklep\",\"description\":\"\",\"publisher\":{\"@id\":\"https:\\\/\\\/przestrzenodnowa.pl\\\/sklep\\\/#organization\"},\"potentialAction\":[{\"@type\":\"SearchAction\",\"target\":{\"@type\":\"EntryPoint\",\"urlTemplate\":\"https:\\\/\\\/przestrzenodnowa.pl\\\/sklep\\\/?s={search_term_string}\"},\"query-input\":{\"@type\":\"PropertyValueSpecification\",\"valueRequired\":true,\"valueName\":\"search_term_string\"}}],\"inLanguage\":\"pl-PL\"},{\"@type\":\"Organization\",\"@id\":\"https:\\\/\\\/przestrzenodnowa.pl\\\/sklep\\\/#organization\",\"name\":\"Przestrze\u0144 Od Nowa Sklep\",\"url\":\"https:\\\/\\\/przestrzenodnowa.pl\\\/sklep\\\/\",\"logo\":{\"@type\":\"ImageObject\",\"inLanguage\":\"pl-PL\",\"@id\":\"https:\\\/\\\/przestrzenodnowa.pl\\\/sklep\\\/#\\\/schema\\\/logo\\\/image\\\/\",\"url\":\"https:\\\/\\\/przestrzenodnowa.pl\\\/sklep\\\/wp-content\\\/uploads\\\/sites\\\/2\\\/2025\\\/08\\\/logo-przestrzenodnowa-sklep.png\",\"contentUrl\":\"https:\\\/\\\/przestrzenodnowa.pl\\\/sklep\\\/wp-content\\\/uploads\\\/sites\\\/2\\\/2025\\\/08\\\/logo-przestrzenodnowa-sklep.png\",\"width\":703,\"height\":235,\"caption\":\"Przestrze\u0144 Od Nowa Sklep\"},\"image\":{\"@id\":\"https:\\\/\\\/przestrzenodnowa.pl\\\/sklep\\\/#\\\/schema\\\/logo\\\/image\\\/\"}}]}<\/script>","yoast_head_json":{"title":"Kontakt | Przestrze\u0144 Od Nowa Sklep","robots":{"index":"index","follow":"follow","max-snippet":"max-snippet:-1","max-image-preview":"max-image-preview:large","max-video-preview":"max-video-preview:-1"},"canonical":"https:\/\/przestrzenodnowa.pl\/sklep\/kontakt\/","og_locale":"pl_PL","og_type":"article","og_title":"Kontakt | Przestrze\u0144 Od Nowa Sklep","og_description":"Przestrze\u0144 od Nowa E-mail: sklep@przestrzenodnowa.plTelefon: +48 531 516 467 ul. Strzelc\u00f3w Bytomskich 87b41-914...","og_url":"https:\/\/przestrzenodnowa.pl\/sklep\/kontakt\/","og_site_name":"Przestrze\u0144 Od Nowa Sklep","article_modified_time":"2025-09-18T09:05:46+00:00","schema":{"@context":"https:\/\/schema.org","@graph":[{"@type":"WebPage","@id":"https:\/\/przestrzenodnowa.pl\/sklep\/kontakt\/","url":"https:\/\/przestrzenodnowa.pl\/sklep\/kontakt\/","name":"Kontakt | Przestrze\u0144 Od Nowa Sklep","isPartOf":{"@id":"https:\/\/przestrzenodnowa.pl\/sklep\/#website"},"datePublished":"2021-05-30T14:04:38+00:00","dateModified":"2025-09-18T09:05:46+00:00","breadcrumb":{"@id":"https:\/\/przestrzenodnowa.pl\/sklep\/kontakt\/#breadcrumb"},"inLanguage":"pl-PL","potentialAction":[{"@type":"ReadAction","target":["https:\/\/przestrzenodnowa.pl\/sklep\/kontakt\/"]}]},{"@type":"BreadcrumbList","@id":"https:\/\/przestrzenodnowa.pl\/sklep\/kontakt\/#breadcrumb","itemListElement":[{"@type":"ListItem","position":1,"name":"Strona g\u0142\u00f3wna","item":"https:\/\/przestrzenodnowa.pl\/sklep\/"},{"@type":"ListItem","position":2,"name":"Kontakt"}]},{"@type":"WebSite","@id":"https:\/\/przestrzenodnowa.pl\/sklep\/#website","url":"https:\/\/przestrzenodnowa.pl\/sklep\/","name":"Przestrze\u0144 Od Nowa Sklep","description":"","publisher":{"@id":"https:\/\/przestrzenodnowa.pl\/sklep\/#organization"},"potentialAction":[{"@type":"SearchAction","target":{"@type":"EntryPoint","urlTemplate":"https:\/\/przestrzenodnowa.pl\/sklep\/?s={search_term_string}"},"query-input":{"@type":"PropertyValueSpecification","valueRequired":true,"valueName":"search_term_string"}}],"inLanguage":"pl-PL"},{"@type":"Organization","@id":"https:\/\/przestrzenodnowa.pl\/sklep\/#organization","name":"Przestrze\u0144 Od Nowa Sklep","url":"https:\/\/przestrzenodnowa.pl\/sklep\/","logo":{"@type":"ImageObject","inLanguage":"pl-PL","@id":"https:\/\/przestrzenodnowa.pl\/sklep\/#\/schema\/logo\/image\/","url":"https:\/\/przestrzenodnowa.pl\/sklep\/wp-content\/uploads\/sites\/2\/2025\/08\/logo-przestrzenodnowa-sklep.png","contentUrl":"https:\/\/przestrzenodnowa.pl\/sklep\/wp-content\/uploads\/sites\/2\/2025\/08\/logo-przestrzenodnowa-sklep.png","width":703,"height":235,"caption":"Przestrze\u0144 Od Nowa Sklep"},"image":{"@id":"https:\/\/przestrzenodnowa.pl\/sklep\/#\/schema\/logo\/image\/"}}]}},"acf":[],"_links":{"self":[{"href":"https:\/\/przestrzenodnowa.pl\/sklep\/wp-json\/wp\/v2\/pages\/169","targetHints":{"allow":["GET"]}}],"collection":[{"href":"https:\/\/przestrzenodnowa.pl\/sklep\/wp-json\/wp\/v2\/pages"}],"about":[{"href":"https:\/\/przestrzenodnowa.pl\/sklep\/wp-json\/wp\/v2\/types\/page"}],"author":[{"embeddable":true,"href":"https:\/\/przestrzenodnowa.pl\/sklep\/wp-json\/wp\/v2\/users\/1"}],"replies":[{"embeddable":true,"href":"https:\/\/przestrzenodnowa.pl\/sklep\/wp-json\/wp\/v2\/comments?post=169"}],"version-history":[{"count":3,"href":"https:\/\/przestrzenodnowa.pl\/sklep\/wp-json\/wp\/v2\/pages\/169\/revisions"}],"predecessor-version":[{"id":2647,"href":"https:\/\/przestrzenodnowa.pl\/sklep\/wp-json\/wp\/v2\/pages\/169\/revisions\/2647"}],"wp:attachment":[{"href":"https:\/\/przestrzenodnowa.pl\/sklep\/wp-json\/wp\/v2\/media?parent=169"}],"curies":[{"name":"wp","href":"https:\/\/api.w.org\/{rel}","templated":true}]}}